{"id":16,"date":"2017-09-09T12:01:45","date_gmt":"2017-09-09T10:01:45","guid":{"rendered":"http:\/\/www.przedszkole435.waw.pl\/?page_id=16"},"modified":"2025-04-08T19:55:20","modified_gmt":"2025-04-08T17:55:20","slug":"kontakt","status":"publish","type":"page","link":"https:\/\/www.przedszkole435.waw.pl\/pelczynskiego\/kontakt\/","title":{"rendered":"Kontakt"},"content":{"rendered":"<h1><strong>Przedszkole Nr 435<\/strong><\/h1>\n<p>ul. Pe\u0142czy\u0144skiego 24<br \/>\n01-471 Warszawa<\/p>\n<p>Telefon:<br \/>\n<strong><a href=\"tel:+48723244861\">723 244 861<\/a><\/strong><br \/>\n<strong><a href=\"tel:+48723244863\">723 244 863<\/a><\/strong><\/p>\n<p>Zg\u0142aszanie nieobecno\u015bci dziecka: <strong><a href=\"tel:+48723244861\">723 244 861<br \/>\n<\/a><\/strong><a href=\"mailto:okazmierczyk@eduwarszawa.pl\">okazmierczyk@eduwarszawa.pl<br \/>\n<\/a><a href=\"mailto:Ka_Domanska@eduwarszawa.pl\">Ka_Domanska@eduwarszawa.pl<\/a><\/p>\n<p>&nbsp;<\/p>\n<p>Email:<br \/>\n<a href=\"mailto:p435@eduwarszawa.pl\">p435@eduwarszawa.pl<\/a><\/p>\n<h2><strong>LOKALIZACJA<\/strong><\/h2>\n<p><iframe loading=\"lazy\" style=\"border: 0;\" src=\"https:\/\/www.google.com\/maps\/embed?pb=!1m14!1m8!1m3!1d9772.329601275633!2d20.89853884334716!3d52.24188694887328!3m2!1i1024!2i768!4f13.1!3m3!1m2!1s0x0%3A0x2957fc77efd7bc7!2sPrzedszkole+Nr+435!5e0!3m2!1spl!2spl!4v1535548165071\" width=\"100%\" height=\"450\" frameborder=\"0\" allowfullscreen=\"allowfullscreen\"><\/iframe><\/p>\n","protected":false},"excerpt":{"rendered":"<p>Przedszkole Nr 435 ul. Pe\u0142czy\u0144skiego 24 01-471 Warszawa Telefon: 723 244 861 723 244 863 Zg\u0142aszanie nieobecno\u015bci dziecka: 723 244 861 okazmierczyk@eduwarszawa.pl Ka_Domanska@eduwarszawa.pl &nbsp; Email: p435@eduwarszawa.pl LOKALIZACJA<\/p>\n","protected":false},"author":1,"featured_media":0,"parent":0,"menu_order":6,"comment_status":"closed","ping_status":"closed","template":"","meta":{"footnotes":"","_links_to":"","_links_to_target":""},"class_list":["post-16","page","type-page","status-publish","hentry"],"_links":{"self":[{"href":"https:\/\/www.przedszkole435.waw.pl\/pelczynskiego\/wp-json\/wp\/v2\/pages\/16","targetHints":{"allow":["GET"]}}],"collection":[{"href":"https:\/\/www.przedszkole435.waw.pl\/pelczynskiego\/wp-json\/wp\/v2\/pages"}],"about":[{"href":"https:\/\/www.przedszkole435.waw.pl\/pelczynskiego\/wp-json\/wp\/v2\/types\/page"}],"author":[{"embeddable":true,"href":"https:\/\/www.przedszkole435.waw.pl\/pelczynskiego\/wp-json\/wp\/v2\/users\/1"}],"replies":[{"embeddable":true,"href":"https:\/\/www.przedszkole435.waw.pl\/pelczynskiego\/wp-json\/wp\/v2\/comments?post=16"}],"version-history":[{"count":18,"href":"https:\/\/www.przedszkole435.waw.pl\/pelczynskiego\/wp-json\/wp\/v2\/pages\/16\/revisions"}],"predecessor-version":[{"id":31752,"href":"https:\/\/www.przedszkole435.waw.pl\/pelczynskiego\/wp-json\/wp\/v2\/pages\/16\/revisions\/31752"}],"wp:attachment":[{"href":"https:\/\/www.przedszkole435.waw.pl\/pelczynskiego\/wp-json\/wp\/v2\/media?parent=16"}],"curies":[{"name":"wp","href":"https:\/\/api.w.org\/{rel}","templated":true}]}}