{"id":18,"date":"2017-09-09T12:02:08","date_gmt":"2017-09-09T10:02:08","guid":{"rendered":"http:\/\/www.przedszkole435.waw.pl\/?page_id=18"},"modified":"2021-09-15T16:14:34","modified_gmt":"2021-09-15T14:14:34","slug":"o-przedszkolu","status":"publish","type":"page","link":"https:\/\/www.przedszkole435.waw.pl\/pelczynskiego\/o-nas\/o-przedszkolu\/","title":{"rendered":"O przedszkolu"},"content":{"rendered":"<h2><strong>MISJA PRZEDSZKOLA<\/strong><\/h2>\n<ul>\n<li>respektowanie faktu, \u017ce ka\u017cde dziecko jest niepowtarzaln\u0105 indywidualno\u015bci\u0105 z w\u0142asnymi mo\u017cliwo\u015bciami, zdolno\u015bciami oraz zainteresowaniami i ma prawo rozwija\u0107 si\u0119 we w\u0142a\u015bciwym dla siebie tempie<\/li>\n<li>wspomaganie wszechstronnego i harmonijnego rozwoju ka\u017cdego dziecka poprzez rozwijanie uzdolnie\u0144 i zainteresowa\u0144, pobudzanie jego ciekawo\u015bci \u015bwiata<\/li>\n<li>wspomaganie dzieci z r\u00f3\u017cnego rodzaju trudno\u015bciami i deficytami<\/li>\n<li>dok\u0142adanie stara\u0144 by dzieci czu\u0142y si\u0119 bezpiecznie, kochane, akceptowane i szcz\u0119\u015bliwe, a tak\u017ce by by\u0142y przygotowane do prze\u017cywania sukcesu i do radzenia sobie z pora\u017ckami<\/li>\n<li>kszta\u0142towanie w dziecku pozytywnego obrazu siebie, poczucia w\u0142asnej warto\u015bci, wiary w swoje umiej\u0119tno\u015bci<\/li>\n<li>zapewnienie wychowankom potrzeby zaspokojenia bezpiecze\u0144stwa, akceptacji i poszanowania ich praw<\/li>\n<li>promowanie zdrowego i aktywnego trybu \u017cycia, w zgodzie ze sob\u0105 i \u015brodowiskiem<\/li>\n<li>wykorzystanie metod i program\u00f3w pracy zapewniaj\u0105cych wychowankom atrakcyjny, tw\u00f3rczy i aktywny spos\u00f3b na osi\u0105ganie sukces\u00f3w rozwojowych<\/li>\n<li>zapewnienie dzieciom nabycie wiedzy i umiej\u0119tno\u015bci potrzebnych w szkole<\/li>\n<li>realizowanie zada\u0144 w \u015bcis\u0142ej wsp\u00f3\u0142pracy z rodzicami dziecka oraz instytucjami wspieraj\u0105cymi dzia\u0142alno\u015b\u0107 przedszkola<\/li>\n<li>pe\u0142nienie funkcji opieku\u0144czej, wychowawczej i kszta\u0142c\u0105cej<\/li>\n<li>wspomaganie i ukierunkowanie wszechstronnego rozwoju dziecka, zgodnie z jego wrodzonym potencja\u0142em i odpowiednio do jego indywidualnych potrzeb i mo\u017cliwo\u015bci<\/li>\n<li>stawianie na indywidualny tw\u00f3rczy rozw\u00f3j dziecka z uwzgl\u0119dnieniem jego aktywno\u015bci w sferze fizycznej, poznawczej, emocjonalnej i spo\u0142ecznej<\/li>\n<li>wspieranie aktywno\u015b\u0107 i kreatywno\u015b\u0107, rozwijanie talent\u00f3w, wspomaganie w pokonywaniu trudno\u015bci i barier<\/li>\n<li>podmiotowe i indywidualne traktowanie ka\u017cdego dziecka<\/li>\n<li>dok\u0142adanie stara\u0144, by dziecko czu\u0142o si\u0119 bezpiecznie, swobodnie, kochane, akceptowane i szcz\u0119\u015bliwe, a tak\u017ce by by\u0142o przygotowane do prze\u017cywania sukcesu i do radzenia sobie z pora\u017ckami<\/li>\n<li>kszta\u0142towanie w dziecku pozytywnego obrazu siebie, poczucia w\u0142asnej warto\u015bci, wiary w swoje umiej\u0119tno\u015bci<\/li>\n<li>promowanie zdrowego i aktywnego trybu \u017cycia, w zgodzie ze sob\u0105 i \u015brodowiskiem<\/li>\n<li>kierowanie si\u0119 zasadami wynikaj\u0105cymi z Konwencji Praw Dziecka oraz powszechnie przyj\u0119tymi normami spo\u0142ecznymi i moralnymi<\/li>\n<li>tworzenie pozytywnego klimatu by dzieci ch\u0119tnie do nas przychodzi\u0142y i znakomicie si\u0119 czu\u0142y<\/li>\n<\/ul>\n<p>&nbsp;<br \/>\n&nbsp;<\/p>\n<h2><strong>WIZJA PRZEDSZKOLA<\/strong><\/h2>\n<ul>\n<li>wspomaganie indywidualnego rozwoju dziecka<\/li>\n<li>wyr\u00f3wnywanie szans rozwojowych i edukacyjnych wychowank\u00f3w i przygotowanie do podj\u0119cia nauki w szkole<\/li>\n<li>podejmowanie dzia\u0142a\u0144 dydaktyczno-wychowawczych zmierzaj\u0105cych do rozwijania umiej\u0119tno\u015bci i kszta\u0142towania samodzielno\u015bci wychowank\u00f3w<\/li>\n<li>stworzenie, we wsp\u00f3\u0142pracy z rodzicami sp\u00f3jnego systemu wychowawczego<\/li>\n<li>wspomaganie doskonalenia i rozwoju zawodowego kadry pedagogicznej<\/li>\n<li>w\u0142a\u015bciwy dob\u00f3r kadry niepedagogicznej, zaanga\u017cowanej w rozw\u00f3j plac\u00f3wki, gotowej podnosi\u0107 swoje kwalifikacje zawodowe wg potrzeb przedszkola<\/li>\n<li>kszta\u0142towanie pozytywnego wizerunku przedszkola w \u015brodowisku<\/li>\n<li>sta\u0142a wsp\u00f3\u0142praca z instytucjami wspieraj\u0105cymi rodzin\u0119<\/li>\n<li>sta\u0142a wsp\u00f3\u0142praca z jednostk\u0105 nadzoruj\u0105c\u0105 &#8211; Urz\u0119dem Dzielnicy Bemowo<\/li>\n<li>dba\u0142o\u015b\u0107 o baz\u0119 materialn\u0105 plac\u00f3wki, w celu zagwarantowania bezpiecze\u0144stwa i prawid\u0142owego rozwoju dzieci<\/li>\n<li>ewaluacja podejmowanych dzia\u0142a\u0144 i systematyczne doskonalenie jako\u015bci pracy przedszkola<\/li>\n<li>tworzenie plac\u00f3wki przyjaznej, innowacyjnej, nastawionej na osi\u0105ganie sukces\u00f3w, przygotowuj\u0105cej dzieci do podj\u0119cia nauki w szkole<\/li>\n<li>realizacja za\u0142o\u017ce\u0144 polityki o\u015bwiatowej m.st. Warszawy w zakresie wspierania rozwoju i edukacji dzieci w wieku przedszkolnym<\/li>\n<li>umo\u017cliwienie wyr\u00f3wnywania szans edukacyjnych wszystkim dzieciom oraz uwzgl\u0119dnienie w swoich dzia\u0142aniach potrzeb \u015brodowiska<\/li>\n<li>zapewnienie ka\u017cdemu dziecku podmiotowego i indywidualnego traktowania<\/li>\n<li>tworzenie bezpiecznych warunk\u00f3w do radosnej zabawy i nauki<\/li>\n<li>wspomaganie dzieci w ich aktywno\u015bci tw\u00f3rczej<\/li>\n<li>rozwijanie u dzieci poczucia w\u0142asnej warto\u015bci, by bez ogranicze\u0144 mog\u0142y podejmowa\u0107 aktywno\u015b\u0107 na ka\u017cdym etapie swojego \u017cycia<\/li>\n<li>promowanie dbania o zdrowie i zachowa\u0144 przyjaznych przyrodzie, budowanie poczucia to\u017csamo\u015bci narodowej, rozwijanie kompetencji spo\u0142ecznych<\/li>\n<li>tworzenie plac\u00f3wki przyjaznej, innowacyjnej, przygotowuj\u0105cej dzieci do podj\u0119cia nauki w szkole, nastawionej na osi\u0105ganie sukces\u00f3w<\/li>\n<li>pe\u0142nienie funkcji doradczej i wspieraj\u0105cej dzia\u0142ania wychowawcze wobec rodzic\u00f3w \u2013 rodzic jako wsp\u00f3\u0142autor sukces\u00f3w dziecka<\/li>\n<li>zatrudnianie wykwalifikowanej, kompetentnej, zaanga\u017cowanej i odpowiedzialnej kadry pedagogicznej\n<li>stosowanie aktywnych metod pracy, program\u00f3w i nowatorskich rozwi\u0105za\u0144, kt\u00f3re gwarantuj\u0105 wysok\u0105 jako\u015b\u0107 pracy przedszkola<\/li>\n<li>wzbogacanie zaplecza dydaktycznego wp\u0142ywaj\u0105cego na wysoki poziom \u015bwiadczonych us\u0142ug<\/li>\n<\/ul>\n","protected":false},"excerpt":{"rendered":"<p>MISJA PRZEDSZKOLA respektowanie faktu, \u017ce ka\u017cde dziecko jest niepowtarzaln\u0105 indywidualno\u015bci\u0105 z w\u0142asnymi mo\u017cliwo\u015bciami, zdolno\u015bciami oraz zainteresowaniami i ma prawo rozwija\u0107 si\u0119 we w\u0142a\u015bciwym dla siebie tempie wspomaganie wszechstronnego i harmonijnego rozwoju ka\u017cdego dziecka poprzez rozwijanie uzdolnie\u0144 i zainteresowa\u0144, pobudzanie jego ciekawo\u015bci \u015bwiata wspomaganie dzieci z r\u00f3\u017cnego rodzaju trudno\u015bciami i deficytami dok\u0142adanie stara\u0144 by dzieci czu\u0142y [&hellip;]<\/p>\n","protected":false},"author":1,"featured_media":0,"parent":6,"menu_order":1,"comment_status":"closed","ping_status":"closed","template":"","meta":{"footnotes":"","_links_to":"","_links_to_target":""},"class_list":["post-18","page","type-page","status-publish","hentry"],"_links":{"self":[{"href":"https:\/\/www.przedszkole435.waw.pl\/pelczynskiego\/wp-json\/wp\/v2\/pages\/18","targetHints":{"allow":["GET"]}}],"collection":[{"href":"https:\/\/www.przedszkole435.waw.pl\/pelczynskiego\/wp-json\/wp\/v2\/pages"}],"about":[{"href":"https:\/\/www.przedszkole435.waw.pl\/pelczynskiego\/wp-json\/wp\/v2\/types\/page"}],"author":[{"embeddable":true,"href":"https:\/\/www.przedszkole435.waw.pl\/pelczynskiego\/wp-json\/wp\/v2\/users\/1"}],"replies":[{"embeddable":true,"href":"https:\/\/www.przedszkole435.waw.pl\/pelczynskiego\/wp-json\/wp\/v2\/comments?post=18"}],"version-history":[{"count":1,"href":"https:\/\/www.przedszkole435.waw.pl\/pelczynskiego\/wp-json\/wp\/v2\/pages\/18\/revisions"}],"predecessor-version":[{"id":18434,"href":"https:\/\/www.przedszkole435.waw.pl\/pelczynskiego\/wp-json\/wp\/v2\/pages\/18\/revisions\/18434"}],"up":[{"embeddable":true,"href":"https:\/\/www.przedszkole435.waw.pl\/pelczynskiego\/wp-json\/wp\/v2\/pages\/6"}],"wp:attachment":[{"href":"https:\/\/www.przedszkole435.waw.pl\/pelczynskiego\/wp-json\/wp\/v2\/media?parent=18"}],"curies":[{"name":"wp","href":"https:\/\/api.w.org\/{rel}","templated":true}]}}

<h2><strong>MISJA PRZEDSZKOLA</strong></h2>
<ul>
<li>respektowanie faktu, że każde dziecko jest niepowtarzalną indywidualnością z własnymi możliwościami, zdolnościami oraz zainteresowaniami i ma prawo rozwijać się we właściwym dla siebie tempie</li>
<li>wspomaganie wszechstronnego i harmonijnego rozwoju każdego dziecka poprzez rozwijanie uzdolnień i zainteresowań, pobudzanie jego ciekawości świata</li>
<li>wspomaganie dzieci z różnego rodzaju trudnościami i deficytami</li>
<li>dokładanie starań by dzieci czuły się bezpiecznie, kochane, akceptowane i szczęśliwe, a także by były przygotowane do przeżywania sukcesu i do radzenia sobie z porażkami</li>
<li>kształtowanie w dziecku pozytywnego obrazu siebie, poczucia własnej wartości, wiary w swoje umiejętności</li>
<li>zapewnienie wychowankom potrzeby zaspokojenia bezpieczeństwa, akceptacji i poszanowania ich praw</li>
<li>promowanie zdrowego i aktywnego trybu życia, w zgodzie ze sobą i środowiskiem</li>
<li>wykorzystanie metod i programów pracy zapewniających wychowankom atrakcyjny, twórczy i aktywny sposób na osiąganie sukcesów rozwojowych</li>
<li>zapewnienie dzieciom nabycie wiedzy i umiejętności potrzebnych w szkole</li>
<li>realizowanie zadań w ścisłej współpracy z rodzicami dziecka oraz instytucjami wspierającymi działalność przedszkola</li>
<li>pełnienie funkcji opiekuńczej, wychowawczej i kształcącej</li>
<li>wspomaganie i ukierunkowanie wszechstronnego rozwoju dziecka, zgodnie z jego wrodzonym potencjałem i odpowiednio do jego indywidualnych potrzeb i możliwości</li>
<li>stawianie na indywidualny twórczy rozwój dziecka z uwzględnieniem jego aktywności w sferze fizycznej, poznawczej, emocjonalnej i społecznej</li>
<li>wspieranie aktywność i kreatywność, rozwijanie talentów, wspomaganie w pokonywaniu trudności i barier</li>
<li>podmiotowe i indywidualne traktowanie każdego dziecka</li>
<li>dokładanie starań, by dziecko czuło się bezpiecznie, swobodnie, kochane, akceptowane i szczęśliwe, a także by było przygotowane do przeżywania sukcesu i do radzenia sobie z porażkami</li>
<li>kształtowanie w dziecku pozytywnego obrazu siebie, poczucia własnej wartości, wiary w swoje umiejętności</li>
<li>promowanie zdrowego i aktywnego trybu życia, w zgodzie ze sobą i środowiskiem</li>
<li>kierowanie się zasadami wynikającymi z Konwencji Praw Dziecka oraz powszechnie przyjętymi normami społecznymi i moralnymi</li>
<li>tworzenie pozytywnego klimatu by dzieci chętnie do nas przychodziły i znakomicie się czuły</li>
</ul>
<p>&nbsp;<br />
&nbsp;</p>
<h2><strong>WIZJA PRZEDSZKOLA</strong></h2>
<ul>
<li>wspomaganie indywidualnego rozwoju dziecka</li>
<li>wyrównywanie szans rozwojowych i edukacyjnych wychowanków i przygotowanie do podjęcia nauki w szkole</li>
<li>podejmowanie działań dydaktyczno-wychowawczych zmierzających do rozwijania umiejętności i kształtowania samodzielności wychowanków</li>
<li>stworzenie, we współpracy z rodzicami spójnego systemu wychowawczego</li>
<li>wspomaganie doskonalenia i rozwoju zawodowego kadry pedagogicznej</li>
<li>właściwy dobór kadry niepedagogicznej, zaangażowanej w rozwój placówki, gotowej podnosić swoje kwalifikacje zawodowe wg potrzeb przedszkola</li>
<li>kształtowanie pozytywnego wizerunku przedszkola w środowisku</li>
<li>stała współpraca z instytucjami wspierającymi rodzinę</li>
<li>stała współpraca z jednostką nadzorującą &#8211; Urzędem Dzielnicy Bemowo</li>
<li>dbałość o bazę materialną placówki, w celu zagwarantowania bezpieczeństwa i prawidłowego rozwoju dzieci</li>
<li>ewaluacja podejmowanych działań i systematyczne doskonalenie jakości pracy przedszkola</li>
<li>tworzenie placówki przyjaznej, innowacyjnej, nastawionej na osiąganie sukcesów, przygotowującej dzieci do podjęcia nauki w szkole</li>
<li>realizacja założeń polityki oświatowej m.st. Warszawy w zakresie wspierania rozwoju i edukacji dzieci w wieku przedszkolnym</li>
<li>umożliwienie wyrównywania szans edukacyjnych wszystkim dzieciom oraz uwzględnienie w swoich działaniach potrzeb środowiska</li>
<li>zapewnienie każdemu dziecku podmiotowego i indywidualnego traktowania</li>
<li>tworzenie bezpiecznych warunków do radosnej zabawy i nauki</li>
<li>wspomaganie dzieci w ich aktywności twórczej</li>
<li>rozwijanie u dzieci poczucia własnej wartości, by bez ograniczeń mogły podejmować aktywność na każdym etapie swojego życia</li>
<li>promowanie dbania o zdrowie i zachowań przyjaznych przyrodzie, budowanie poczucia tożsamości narodowej, rozwijanie kompetencji społecznych</li>
<li>tworzenie placówki przyjaznej, innowacyjnej, przygotowującej dzieci do podjęcia nauki w szkole, nastawionej na osiąganie sukcesów</li>
<li>pełnienie funkcji doradczej i wspierającej działania wychowawcze wobec rodziców – rodzic jako współautor sukcesów dziecka</li>
<li>zatrudnianie wykwalifikowanej, kompetentnej, zaangażowanej i odpowiedzialnej kadry pedagogicznej
<li>stosowanie aktywnych metod pracy, programów i nowatorskich rozwiązań, które gwarantują wysoką jakość pracy przedszkola</li>
<li>wzbogacanie zaplecza dydaktycznego wpływającego na wysoki poziom świadczonych usług</li>
</ul>

<p>MISJA PRZEDSZKOLA respektowanie faktu, że każde dziecko jest niepowtarzalną indywidualnością z własnymi możliwościami, zdolnościami oraz zainteresowaniami i ma prawo rozwijać się we właściwym dla siebie tempie wspomaganie wszechstronnego i harmonijnego rozwoju każdego dziecka poprzez rozwijanie uzdolnień i zainteresowań, pobudzanie jego ciekawości świata wspomaganie dzieci z różnego rodzaju trudnościami i deficytami dokładanie starań by dzieci czuły [&hellip;]</p>
